t(g) = -g**2 - 18*g + 15. Let o be t(-18). Calculate the highest common divisor of j and o.
15
Suppose 10*m - 9*m = 35. What is the greatest common factor of 5 and m?
5
Let c be (76/8 - 2)*(-12)/(-10). Suppose -4*o + 12 = -60. Let a = o - c. What is the greatest common divisor of 18 and a?
9
Let a(r) = 33*r - 1. Let h be a(-1). Let c = h + 149. What is the highest common factor of c and 23?
23
Let k(p) = p**3 + 12*p**2 + 9*p - 16. Let a be k(-11). Calculate the greatest common divisor of 18 and a.
6
Let l be 33/(11/(88/6)). Let r = 30 - 11. Suppose 0 = 5*v - r - 1. Calculate the greatest common factor of l and v.
4
Let c = -9 + 13. Calculate the highest common factor of 10 and c.
2
Let d(q) = q**3 + 6*q**2 - q + 7. Let f be d(-6). Let u = 21 - f. What is the greatest common divisor of 72 and u?
8
Let k be (-139)/(-4) - 9/12. Calculate the greatest common divisor of 85 and k.
17
Let m be (-657)/(-12)*1 - 8/(-32). What is the highest common factor of m and 11?
11
Let z(b) = 10*b + 4. Let a be z(2). Calculate the greatest common divisor of 48 and a.
24
Suppose 6*j - 10 = 44. Let w = 46 - -35. What is the highest common divisor of j and w?
9
Suppose -4*m + 5*t = -46, -4*t + 1 = 7*m - 6*m. What is the greatest common divisor of 72 and m?
9
Let i(t) = -t**3 + 3*t + 2. Let l be 1/4 + 9/(-4). Let a be i(l). Suppose -21 = -a*s + 87. Calculate the greatest common divisor of s and 9.
9
Suppose o - 10 = -f, -3*f - 2*o + 27 = 2. Suppose -f = 5*d - 10*d. Let p be -2 + 2 + (-9)/(-1). What is the highest common divisor of p and d?
1
Let a(x) = 18*x - 2. Let h be a(-2). Let s = h - -181. Let n(b) = -b**2 - 11*b - 5. Let y be n(-9). What is the highest common divisor of s and y?
13
Let i = -16 + 24. What is the greatest common factor of i and 32?
8
Let r = 0 + 5. Suppose 0 = -0*y + r*y - 75. Let f be (-5)/(-10)*(11 + 1). What is the greatest common factor of y and f?
3
Suppose -25 = 2*i + 3*i. Let v = 7 - i. Let a = 9 + -6. What is the greatest common divisor of a and v?
3
Suppose -8 = -5*h - 5*s + 247, -4*h = -4*s - 236. Let j = 1 - 0. Let q be (j/3)/(1/33). Calculate the greatest common factor of h and q.
11
Let q(m) = -m**3 - 8*m**2 - 9*m - 8. Let g = 11 + -18. Let v be q(g). What is the highest common divisor of v and 3?
3
Suppose 0 = q - 0*q - 50. Suppose 5*k + 6*t - t + 105 = 0, 105 = -5*k - 4*t. Let m = 41 + k. What is the greatest common factor of m and q?
10
Let h(k) = -k**2 - 6*k - 4. Let s be h(-4). What is the highest common divisor of s and 2?
2
Let g = 11 - 7. What is the highest common factor of 100 and g?
4
Let z(b) = 2*b**2 - 5*b + 6. Let r be z(6). Let w be (2/4)/(1/24). Suppose f + f - w = 0. What is the greatest common factor of r and f?
6
Let c(r) = r**3 + 6*r**2 - r - 6. Let p be c(-6). Suppose 0 = -p*s - s + 8. Suppose 4*t - 143 = 17. What is the highest common factor of s and t?
8
Let d be (-32)/6*(1 - 16). Calculate the greatest common divisor of 10 and d.
10
Suppose 0 = 7*r - 8*r + 18. Calculate the greatest common divisor of r and 2.
2
Let x(k) = 5*k + 1. Let n be x(1). Let l be ((-86)/4)/((-1)/4). Let d = l + -38. Calculate the greatest common divisor of d and n.
6
Let w = 78 + -69. Let n be 0 + (0 + -1)*-1. Calculate the greatest common factor of w and n.
1
Suppose 3*z - 6 = -2*m + 5, 4*m + 3*z = 31. What is the highest common factor of 10 and m?
10
Suppose 3*k - 68 + 20 = 0. Calculate the highest common divisor of 176 and k.
16
Let p(h) = 6*h**2 - 1. Let x be p(-1). Let w = 7 - x. What is the greatest common factor of w and 2?
2
Let d(c) = -c**2 + 13*c + 9. Let q be d(12). Suppose 237 - q = 6*t. What is the greatest common divisor of 9 and t?
9
Let r = -2 - 8. Let x be 101/9 - r/(-45). Let b = -79 - -156. Calculate the greatest common divisor of x and b.
11
Let y(t) = 7*t + 3. Let p be y(6). What is the greatest common divisor of 18 and p?
9
Suppose -4*l + l = -6. Suppose 2*f + 2 = 0, -l*f + 47 = s - 5*f. Calculate the highest common factor of 4 and s.
4
Suppose -61 = -2*p - c, 3*p - 4*c - 53 = 2*p. What is the highest common divisor of 11 and p?
11
Suppose -n = 2*n - 72. Suppose 10*p = -28 + 148. Calculate the greatest common factor of n and p.
12
Let n(k) = -4 + 0 - k**3 + 0 + k**2 + 2*k. Let j be n(-3). Let z = j - 18. Calculate the greatest common factor of z and 40.
8
Let i = 84 - 51. Let c = -21 - -15. Let z = c - -9. What is the greatest common divisor of z and i?
3
Suppose 2*z = -2*c + 276 - 66, z = -5*c + 537. Let u = 3 - 0. Suppose u*n = -0*n + c. Calculate the highest common factor of 24 and n.
12
Let y(k) = -491*k**3 - k**2 + 3*k - 1. Let i be y(1). Let v be (6/2)/((-21)/i). Let g = -33 + 61. What is the highest common factor of v and g?
14
Let d be 2 - (-10)/(-2)*-1. Let p(o) = o**2 + 2*o. Let t be p(-3). Let a be d/t + (-2)/6. What is the highest common factor of a and 2?
2
Let m = 265 + -180. Suppose -m = -r - 2*i, 4*i + 10 - 350 = -4*r. Calculate the greatest common factor of r and 17.
17
Let k(o) be the third derivative of o**4/24 + 40*o**3/3 + o**2. Let i be k(0). Calculate the greatest common divisor of 20 and i.
20
Let h = 3 - 0. Let c = h + 61. Suppose -18 = -0*d - 2*d + o, 3*d - 3*o = 30. What is the highest common divisor of c and d?
8
Let r be (-3 - (-3)/3) + 23. Let t be (18/r)/(4/28). Suppose b + 2*w - 54 = 0, -3*b - b + w + 216 = 0. What is the highest common factor of t and b?
6
Suppose -5*f + 111 = -2*c - 29, -4*f = 5*c - 112. What is the highest common divisor of 7 and f?
7
Let t = -28 + 96. Suppose -14*k = -10*k - t. Calculate the highest common factor of k and 153.
17
Let q be 2/4 + (-63)/(-18). Suppose -3*u = n - 6, -4*u - 5*n + 23 = q. What is the greatest common factor of u and 7?
1
Suppose 2*j + 9 = -j, 5*p - 2*j - 16 = 0. What is the greatest common divisor of p and 3?
1
Let q(f) = -6*f - 3. Let j be q(-6). What is the greatest common factor of j and 11?
11
Let s be 1 + -3 - (3 - 392). Calculate the highest common factor of s and 43.
43
Suppose 5*z - 23 - 277 = 0. Let g be (-2 - -2) + 0 - -31. Suppose 7 - g = -x. Calculate the greatest common divisor of x and z.
12
Let r = -30 - -68. Suppose -19 = 4*u + 17. Let z = u + 28. What is the greatest common divisor of z and r?
19
Let x(d) = 2*d + 4. Suppose 5*h = 13 + 12. Let y be x(h). Calculate the highest common factor of y and 21.
7
Let c be 3/6*(34 - 2). Calculate the highest common factor of 80 and c.
16
Let x = 9 - -53. Suppose -4 - x = -v. What is the highest common divisor of 6 and v?
6
Let t be ((-7)/2)/(-3 + 15/6). What is the greatest common divisor of 35 and t?
7
Let o be 22/3 - 2/(-3). Let q(w) = w**3 - 5*w**2 - 12*w - 8. Let k be q(8). What is the greatest common divisor of k and o?
8
Suppose -3*y + q + 359 = 0, 1 = -q + 5. Let l be -3 + -1*(-3 - 11). What is the greatest common divisor of l and y?
11
Let y be 3*(-10)/3 - -1. Let j = 35 + -18. Let l = j + y. Calculate the greatest common factor of 72 and l.
8
Suppose 3*q - 127 - 138 = -5*j, 0 = -q - j + 91. Let i = -4 + 6. Suppose i*y = y + 38. Calculate the greatest common divisor of y and q.
19
Suppose 3*c + 2 + 1 = 0. Let s be 6/(-21) - (-30)/7. Let p = s - c. What is the greatest common divisor of p and 2?
1
Let f be 1*(-2 - -4) - (-1 - 62). Suppose -45 = -4*s + 7. Calculate the greatest common factor of f and s.
13
Let q = -117 + 212. Calculate the greatest common factor of 19 and q.
19
Suppose -64 = 5*w - 9*w. Let r = -6 + w. What is the greatest common factor of r and 10?
10
Let d be 8 - 0 - (-36)/18. Let l(a) = -13*a + 4. Let t be l(-3). Let b = t - d. Calculate the highest common divisor of b and 3.
3
Suppose 5*x = -4*j + 217, 4*j - 116 = 2*j - 4*x. Calculate the greatest common divisor of 16 and j.
16
Suppose -38 - 3 = -5*s - z, 20 = -5*z. What is the highest common divisor of s and 18?
9
Let x be ((-24)/(-3) + -4)*5. Calculate the highest common factor of x and 20.
20
Let w = -14 + 27. Let r = w + -9. What is the greatest common divisor of 6 and r?
2
Suppose 20 = 5*f, -5*k + 0*k - f = -54. Calculate the greatest common factor of k and 10.
10
Suppose -15*r = -24*r + 306. Calculate the greatest common factor of r and 119.
17
Let o = -83 - -88. What is the highest common factor of 45 and o?
5
Let s(v) = 2*v - 8. Let g be s(6). Suppose 0 = -c - g*c + 55. What is the highest c